 13
Suppose x - 3*x = 162. What are the prime factors of 3/12 + x/(-12)?
7
Suppose -172 = -4*b + 2*b. Suppose 4*o + b = 2. Let z = -15 - o. List the prime factors of z.
2, 3
Suppose -4 = -2*h + 4. Let v(x) = -x**3 + 5*x**2 - 3*x - 2. What are the prime factors of v(h)?
2
Let n(v) = -v**3 - v**2 + 2*v + 1. Let u be n(-2). Suppose 2*z + f = z - 3, -4*z - 2*f - 12 = 0. What are the prime factors of (1 + -2)/(u/z)?
3
Let y = 85 + -53. List the prime factors of y.
2
Let m(n) = -3*n - 4*n**2 + 10*n - n**2 + n**3 - 6 - 2*n**2. Let j be m(6). List the prime factors of j/1 - 3 - -8.
5
Let v = 0 - 7. Let c(s) = -s**3 - 7*s**2 - 2*s - 9. What are the prime factors of c(v)?
5
List the prime factors of 4/(-3 + (-2905)/(-965)).
2, 193
Suppose 0 = -2*y + 7 - 1. Suppose y*s = 7*s - 20. List the prime factors of s.
5
Let a(v) = -v**2 + 4*v. Let l be a(4). Let t = -1 + l. What are the prime factors of 2 + t - -4*1?
5
Suppose -l + 14 = -3*b - 5, -3*b + 3 = 0. What are the prime factors of l?
2, 11
Let q be (2/1 + 21)*1. Suppose 4*s = 3*r - q, -2*r - 3*s + 16 = -6*s. Suppose 10*y - r*y - 40 = 0. List the prime factors of y.
2
Let w be (1 - -1)/(4/(-14)). Let o(p) = -5*p**2 - 11*p - 2. Let s(a) = 9*a**2 + 21*a + 5. Let u(i) = w*o(i) - 4*s(i). List the prime factors of u(-4).
2, 3
Let f = -12 - -46. List the prime factors of f.
2, 17
Let y(q) = q - 1. Let h(m) = -2*m - 14. Let l(z) = -h(z) - 3*y(z). What are the prime factors of l(8)?
3
Let t be (-4)/2*5/(-2). Let g = t - -5. List the prime factors of g.
2, 5
Suppose g = -g + 68. List the prime factors of g.
2, 17
What are the prime factors of 281/(-3)*(-3 + 0)?
281
Let u be 90/21 + (-4)/14. Suppose -x + u = 1. Suppose -4*b + 5 = -6*m + x*m, 25 = 4*m + b. List the prime factors of m.
5
Suppose -b - 4*b + 10 = 0. Suppose 2*v + 3*v = 25. Suppose 0 = -0*l - l + v*m + 34, -b*m = 3*l - 17. List the prime factors of l.
3
Let d be ((-6)/5)/(27/(-180)). What are the prime factors of d/(-28) + (-596)/(-28)?
3, 7
Let c(i) = -4*i - 3. Let z(b) be the second derivative of -b**3/6 - 5*b**2 - 4*b. Let l be z(-5). List the prime factors of c(l).
17
Suppose 0 = 5*l + 1 - 236. List the prime factors of l.
47
Suppose -2*p - q - 8 = 0, q - 14 = 2*p + 5*q. Let u = 3 - p. Suppose -u + 0 = -3*k. List the prime factors of k.
2
Suppose -8 = 3*x - 17. Suppose x*s - 2*s = 5. List the prime factors of s.
5
Let h(c) = 5*c**2 - 1. Suppose -5*i - 11 = 4. What are the prime factors of h(i)?
2, 11
Let h = -293 + 418. List the prime factors of h.
5
Suppose 0*p + 40 = -5*p. Let o be (p/3)/(4/(-24)). Suppose 0 = f - 3*f + 4*t + o, 20 = 3*f - 2*t. List the prime factors of f.
2, 3
Suppose -h = 3*j + 16, 5*h - h = -4*j - 32. Let p be (10/h)/1*-2. Suppose -p*m - 13 = -38. What are the prime factors of m?
5
Suppose 55 = 3*x + 13. List the prime factors of x.
2, 7
Let g(f) = f**3 - 6*f**2 - 6*f - 5. Let d be (-1 + 4 - -4) + 0. What are the prime factors of g(d)?
2
Let b(z) = -z**2 + 7*z - 5. Let s = 2 - -4. Suppose 3*g - 6 = 3*x, 5*g - 4*x - 6 - s = 0. What are the prime factors of b(g)?
7
What are the prime factors of (3/((-45)/245) + -3)*-21?
2, 7, 29
Let g(r) = r**3 - 8*r**2 + 12*r + 6. What are the prime factors of g(9)?
3, 5, 13
Let q = -99 - -142. Let m = -24 + q. What are the prime factors of m?
19
Let n(s) = s**2 + s - 10. Let l be n(10). Suppose 0*x + l = 4*x. List the prime factors of x.
5
Let b(u) = u**3 - 2*u**2 + u + 7. What are the prime factors of b(5)?
3, 29
Let i = 17 - 8. Let a = i + 0. List the prime factors of a.
3
Suppose 0 = -6*s - 353 + 1043. List the prime factors of s.
5, 23
Let u = -14 + 10. What are the prime factors of u + (3 - (0 - 4))?
3
Let l(c) = c**3 + 7*c**2 - 7*c + 10. Let m be l(-8). Suppose -4*f - 4*h + 72 = h, 54 = 3*f - m*h. Suppose -f = -4*n + 6. What are the prime factors of n?
2, 3
Let s be ((-15)/9)/((-2)/(-6)). Let y = 9 + s. Suppose -q + 55 = y*q. What are the prime factors of q?
11
Let m be (-4)/(-14) + (-26)/(-7). Let p = -7 - -12. Let q = m + p. List the prime factors of q.
3
Let v(a) = a + 1. Let u be v(2). Suppose u = -4*l + 3*y, -5*l + 2 = 2*y - 0. Suppose l*q + r - 26 = -3*q, q = -3*r - 2. List the prime factors of q.
2, 5
Suppose -2*t + 0 = -4. Suppose -t*f = 2*f - 24. What are the prime factors of f?
2, 3
Let w(d) be the third derivative of 2*d**5/15 - d**4/24 - d**3/3 + 8*d**2. What are the prime factors of w(-2)?
2
Suppose -2*h - 3*h - 104 = -4*b, -5*b = -4*h - 139. What are the prime factors of b?
31
Suppose -7*c + 2*c + 15 = 0. What are the prime factors of c?
3
Let g(l) = -l**3 - l**2 - l - 2. Let w be (-7)/3 - (-3)/9. List the prime factors of g(w).
2
Let r = 29 - -8. List the prime factors of r.
37
Let w be ((-45)/(-12))/((-1)/(-60)). Suppose w = 2*d + d. Suppose 0 = 4*j - d + 15. What are the prime factors of j?
3, 5
Let w be (-36)/(-15)*10/3. Let t = -1 - 3. Let l = w + t. List the prime factors of l.
2
Let j(d) = 4*d**2 - 5*d - 6. Let a(v) = 3*v**2 - 6*v - 6. Let t(w) = 3*a(w) - 2*j(w). Let r be t(6). Let z = r - -36. List the prime factors of z.
2, 3
Suppose 0 = -4*t - 4 + 68. Let u be (-2)/7 + t/7. Suppose 0*a + 1 = -r - u*a, 3*a = -5*r + 30. List the prime factors of r.
3
What are the prime factors of ((-220)/33)/(0 + (-4)/114)?
2, 5, 19
Let p(o) = -5*o - 2. Let d be p(-2). Let b = d + 4. What are the prime factors of b?
2, 3
Let h = 8 - 0. Suppose g - h = -g. List the prime factors of g.
2
Suppose 0 = -s - s. Let a be (1 - s) + 2 + -2. List the prime factors of 4 - -18 - (2 + a).
19
Suppose 0*v - v + 5 = 0. List the prime factors of v.
5
Let y = -42 + 30. Let k(m) = -m**2 - 14*m + 3. List the prime factors of k(y).
3
Suppose 3*u - 85 = l, u + 4*l + 70 = 3*u. Let i be (-60)/u - (-4)/18. Let v(o) = 4*o**2 + 2. What are the prime factors of v(i)?
2, 3
List the prime factors of 2/4 + 1335/10.
2, 67
Let b(a) = -15*a. Let f be b(-1). Suppose 20 + f = 5*k. Suppose 0 = -3*r + 4*i + 17, k*i = -r + 4*i - 3. What are the prime factors of r?
3
Suppose t = 2*u + 2, 2*u - 1 + 5 = 2*t. Let z(y) = -t - y + 4*y**2 + 3*y - 4*y - 3*y**2. List the prime factors of z(4).
2, 3
Let k(b) = b + 2. Let r be k(-8). List the prime factors of 29 + 1 + (r - -3).
3
What are the prime factors of ((-18)/4)/((-6)/36)?
3
Suppose 0 = 2*r - 3*r + 3. Let c = 8 - r. List the prime factors of c.
5
Let c = 3 + -3. Suppose -3*h + 2*s = -c*h - 1, -26 = 2*h + 4*s. List the prime factors of (-62)/(-6) + (-2)/h.
11
Let d be 1/(-3)*-1*-21. Let m = d + 33. List the prime factors of m.
2, 13
Let z(d) be the second derivative of -d**4/6 - d**3/2 - d**2/2 + 2*d. Let x be z(-2). What are the prime factors of (-16)/3*x/2?
2
Let b(m) = -m**2 + 6*m + 1. Let d be (-2)/8 - 15/(-12). Suppose 12 = -3*c, -21 = -3*q + 2*c - d. What are the prime factors of b(q)?
3
Let c = 0 - -41. List the prime factors of c.
41
Let u(d) = 22*d**3 - 3*d**2 + 2*d - 4. What are the prime factors of u(2)?
2, 41
Let u(s) = -37*s - 48. List the prime factors of u(-6).
2, 3, 29
Suppose 0 = 3*f + 4 - 13. Suppose 0*q + 4 = q, -f*b + 20 = -4*q. What are the prime factors of b?
2, 3
Suppose 5*b - 42 - 3 = 0. Suppose b = 4*q - q. Suppose -q*h + 10 = -11. List the prime factors of h.
7
Let d(h) be the second derivative of h**3/6 + 10*h**2 - 6*h. What are the prime factors of d(-6)?
2, 7
List the prime factors of 86 + 3/(-4 + 3).
83
Let m = 344 - 132. What are the prime factors of m?
2, 53
Let c(b) = -b + 1. Let a be c(8). Let y(k) = -7*k - 9. What are the prime factors of y(a)?
2, 5
Suppose 37 = f - 0*f. Suppose -5*b + 5*c - f = -117, -2*b = -c - 37. What are the prime factors of b?
3, 7
Suppose 0 = 2*y + 4*m - 306, -4*m = -y - m + 133. Suppose y = 5*x - 0*x. What are the prime factors of x?
29
What are the prime factors of (-21 - -22)/((-1)/(-3))?
3
Let o = 9 - 6. Suppose -5*d + o*r + 12 = 6*r, 3*r - 12 = 2*d. Suppose -14 = -4*k + w - 3*w, 4*k - w - 29 = d. List the prime factors of k.
2, 3
Suppose 5*o = 0, -3*l + 93 = -4*o - 18. What are the prime factors of l?
37
What are the prime factors of 4/((-3)/(-24)*2)?
2
Let o = -249 - -406. What are the prime factors of o?
157
Let n be (-1 - 0) + 0 + 1. Let m(g) = 2*g**3 - g**2 - g + 1. Let t be m(1). List the prime factors of n - (t/(-1) - 9).
2, 5
What are the prime factors of ((-6)/3 - -3)*37?
37
Suppose -g + 3*p = -2, -2*